 = 196 - 144. What is the remainder when a is divided by 11?
8
Let t(m) = m**2 + 5*m + 3. Suppose 16 = -4*p, 2 = -2*n + 5*p + 12. Let x be t(n). Let s(k) = 3*k**2 + 5*k - 2. What is the remainder when s(x) is divided by 14?
12
Suppose 3*k - 22 = -l, 9 = 3*l - 5*k - 1. Suppose -3*d + 5*d - 12 = 0. Calculate the remainder when l is divided by d.
4
Let w(v) = -v + 62. Calculate the remainder when w(21) is divided by 23.
18
Calculate the remainder when 167 is divided by (1247/116)/((-2)/(-8)).
38
Let o(t) = -2*t. Let b be o(-2). Suppose 65 = b*v + v. Suppose -119 = -5*y - 2*f, -6*f - v = -y - f. What is the remainder when y is divided by 6?
5
Suppose 5*d - 3*z + 45 - 152 = 0, 45 = 3*d + 3*z. Calculate the remainder when d is divided by 2/((-8)/(-12)) - -8.
8
Let b(l) be the first derivative of 4*l**2 - 4*l - 1/3*l**3 - 4. Calculate the remainder when 31 is divided by b(6).
7
Let t(k) = -2*k**3 - 2*k - 3. Let i = -5 - -8. Let r be t(i). Calculate the remainder when (-4)/(-3)*r/(-6) is divided by 8.
6
Let c = -23 + -1. Let d = -16 - c. Calculate the remainder when 14 is divided by d.
6
Let w(f) = 4*f**3 - 5*f**2 + 2*f - 3. Let y(r) = -5*r**3 + 5*r**2 - 3*r + 4. Let t(x) = 6*w(x) + 5*y(x). What is the remainder when 32 is divided by t(-5)?
15
Suppose 2*q = -a + 15, -2*q + 2*a + 19 = q. What is the remainder when (-310)/(-12) + (-1)/(-6) is divided by q?
5
Let g(d) = -7*d - 4. What is the remainder when g(-4) is divided by 9?
6
Let v(f) = f**3 + 3*f**2 + f - 1. Suppose -4*z + 20 = b, b + 2*z - 2 = 8. Let o = -2 + b. What is the remainder when 1 is divided by v(o)?
0
Suppose 5*b - 1 + 26 = 0. What is the remainder when (-2 - 33/(-6))*4 is divided by (5 - 6)/(1/b)?
4
Let b(j) be the second derivative of -j**5/20 - j**4/3 + 3*j**3/2 - 5*j**2 - 7*j. Calculate the remainder when b(-7) is divided by 19.
17
Suppose 0 = -2*c - 3*c + 25. Let r be (-3)/18 - (-34)/(-12). What is the remainder when -1*(-6)/r - -19 is divided by c?
2
Let g be 4/22 - (-159)/33. Suppose 32 = 3*a + q, a = -q + 3 + g. Calculate the remainder when (-1)/(-1) + 0 - -34 is divided by a.
11
Let h(x) = 3 - 3*x + 4 + 8*x. Let m = 2 - -9. Calculate the remainder when h(5) is divided by m.
10
Let g = -8 + 8. Suppose g = -3*u + 14 + 22. Calculate the remainder when u is divided by 7.
5
Suppose 0 = 3*j + 4*z + 6, 0*j - 4*z = -2*j - 4. What is the remainder when (-4 - j) + 1*26 is divided by (-3 - -2)/((-1)/13)?
11
What is the remainder when 49 is divided by 14 - (30/7 - 2/7)?
9
Suppose 0*l - 2*l + 60 = 0. Let j(g) = g**2 + 4*g - 1. Let p be j(-6). Let w = l - p. Calculate the remainder when w is divided by 10.
9
Let f(v) = -2*v**3 + 4*v**2 - 2*v - 1. Let r be f(2). Let q(t) = -15*t - 4. Let g be q(r). Let u = g - 40. Calculate the remainder when u is divided by 11.
9
Let a(s) = 0 - 1 + 0*s - 3*s + 4*s. Calculate the remainder when a(6) is divided by 2.
1
Suppose 40 = 5*n - 5*a, -2*n - a = a - 24. Calculate the remainder when n is divided by 4.
2
Suppose -3*c = -0*c - 63. Suppose -4*w + 5*k = 13, 2 - c = 2*w - 5*k. What is the remainder when 10 is divided by w?
1
Suppose 28 + 0 = 2*m. Calculate the remainder when m is divided by 8.
6
Suppose 12 = -5*x - 3, -2*x - 375 = 3*j. Suppose v + 2*v = -546. Let d = j - v. Calculate the remainder when d is divided by 20.
19
Let i = -1 + 5. Let o be (-3408)/21 - i/(-14). Calculate the remainder when 80 is divided by o/4*12/(-18).
26
Let q = -34 + 53. What is the remainder when 111 is divided by q?
16
Suppose -5*b = -2*p - 25, -2*b = -3*p + 5*p - 10. Suppose 2*v = -p*v - o + 35, v + o = 16. Suppose -v - 69 = -4*c. What is the remainder when c is divided by 8?
6
Suppose 0 = 4*x + x - 55. Let k = x - 4. What is the remainder when 19 is divided by k?
5
Let f(q) = -q**3 - q**2 + 3. Let k be f(0). Suppose z - 2*s + k = 0, -4*z - 3*s = -4 - 17. Suppose 5*t = 27 - 7. What is the remainder when t is divided by z?
1
Let h be (-2)/(-8) + (-13)/4. Let x = 5 + h. Suppose 2*n + 1 - 7 = 0. Calculate the remainder when n is divided by x.
1
Suppose 2 = -g - 4*m, -61 = -0*g - 2*g + 5*m. Let o = 80 - 28. What is the remainder when o is divided by g?
16
Let v(w) = -3*w**2 - 10*w + 5. Let i(c) = 2*c**2 + 9*c - 6. Let t(s) = -4*i(s) - 3*v(s). Calculate the remainder when 51 is divided by t(6).
6
Let i = 46 - -16. Let m = -45 + 77. What is the remainder when i is divided by m?
30
Suppose 4*c - 159 + 35 = 4*t, 2*t - 5*c + 56 = 0. Let b = t - -87. What is the remainder when b is divided by 14?
12
Let p(d) = -6*d + 78. Calculate the remainder when p(0) is divided by 20.
18
Suppose 4*g + 44 = 4*k, 0*k + 2*k = g + 27. Suppose 5*y = 2*y - 33. What is the remainder when 2/y - 686/(-22) is divided by k?
15
Let y(d) = -d**3 - 8*d**2 + 16*d + 6. What is the remainder when 273 is divided by y(-10)?
43
Calculate the remainder when -141*(-5 - -5 - 1) is divided by 13.
11
Suppose 76 = 5*t - t. Suppose -a + 48 = 5*w, -5*w = a + a - 46. Calculate the remainder when t is divided by w.
9
Suppose 2*l - 156 = -2*l. Suppose 6*w - 2*w - 3*o - 81 = 0, o = 2*w - l. Calculate the remainder when w is divided by 11.
7
Let h = -23 - -39. What is the remainder when 62 is divided by h?
14
Let l(v) = -7*v - 23. Let x(p) = -6*p - 22. Let w(t) = 5*l(t) - 6*x(t). Calculate the remainder when 26 is divided by w(-8).
8
Let p = 25 + -10. Calculate the remainder when 25 is divided by (-3)/p + 108/15.
4
Let k = -3 + 6. Suppose -5*n - 2 = g, k*g + 34 = 7*g - n. What is the remainder when 21 is divided by g?
5
Suppose -3*p - 5*r + 63 = 0, 4*p - 2*r - 92 = -6*r. Calculate the remainder when p is divided by 15.
11
Suppose -6 = -w - 2. Let l be (-3 + w)*(4 + -1). Suppose 0 = v + l*v + s - 51, 3*s + 68 = 5*v. Calculate the remainder when v is divided by 5.
3
Let x(w) = 4*w**2 - 4*w - 4. Let b be -2*1*3*-1. Let k be (-3)/(-6)*b*-1. Calculate the remainder when x(k) is divided by 15.
14
Suppose 3*a + 99 = -0*a. Calculate the remainder when 15 is divided by a/(-3) - (2 + 0).
6
Let k = 54 + -42. What is the remainder when 35 is divided by k?
11
Let l be (-3)/(-6)*(-2 - -6). Suppose 0 = -3*n + l*n, 0 = -h - n + 4. What is the remainder when 10 is divided by h?
2
Let a(y) = 316*y - 17. Calculate the remainder when a(1) is divided by 50.
49
Let u(r) = r**3 - 3*r**2 - r - 3. Let y be 3/(-12) + 109/4. Let p = 53 - y. Calculate the remainder when p is divided by u(4).
8
Let w be (-3)/(-5) - 102/(-30). Suppose -3*p = w*q, 5*q = -2*p - 1 + 8. Let s = -1 - p. Calculate the remainder when s is divided by 2.
1
Calculate the remainder when 18/30 + 6/15 is divided by 1.
0
Let x = -5 - -10. Suppose 122 = 3*k + 5*w - 44, 0 = 4*k + x*w - 223. Suppose r - 10 = 10. Calculate the remainder when k is divided by r.
17
Calculate the remainder when (0 - 1)*(-30)/5 is divided by (6/4)/((-15)/(-20)).
0
What is the remainder when 28 is divided by 78/10 + 1/5?
4
Let y = 18 + -38. Calculate the remainder when 8 is divided by (y/(-8))/((-2)/(-4)).
3
Suppose -5*j + 101 = o + 3*o, o - 38 = 3*j. Suppose 37 = 3*a - 4*k, 7*a + 7 = 8*a + 4*k. What is the remainder when o is divided by a?
7
Suppose 10 = -3*w - 2*w. Let y be (-4)/(1*w) + 2. Suppose 2*z + 2*z + 2*h = 88, 44 = 2*z + y*h. What is the remainder when z is divided by 12?
10
Let y = 12 - 8. Let r(j) = 2*j**2 - 5*j. Calculate the remainder when r(5) is divided by (52/12 - y)*39.
12
Let t = 7 - -11. Calculate the remainder when t is divided by 12.
6
Suppose 3*b + 5 + 4 = 2*o, 3*b = -2*o - 9. Let j = o + 3. Let f = 21 + -13. What is the remainder when f is divided by j?
2
Let d = -8 + 22. Calculate the remainder when 54 is divided by d.
12
Let t be (-2 + 14)/3 + -2. Suppose a = 5, 4*i - t*a + 22 - 192 = 0. What is the remainder when i is divided by 23?
22
Suppose t = -5*f + 22, -2*t + f = 5*f - 62. Calculate the remainder when t is divided by 20.
17
Suppose 0 = 4*j - 32 + 12. What is the remainder when j is divided by 3?
2
Let n = -2 - -3. Let m(k) = -k**3 + k**2 + k. Calculate the remainder when (2/4)/(2/8) is divided by m(n).
0
Let u be 52/4 + 4 - -4. Let a = u + -13. What is the remainder when 39 is divided by a?
7
Let r(m) = -2*m + 3. What is the remainder when r(-10) is divided by 2 + -1*1 - -5?
5
Let m(p) = p**2 - 3*p + 2. Let b = 4 - 2. Suppose i + 4*j + 4 = 0, 0 = b*i - 0*i + 4*j - 12. Calculate